{"id":3675,"date":"2022-09-26T11:42:24","date_gmt":"2022-09-26T14:42:24","guid":{"rendered":"https:\/\/abemi.sancho.digital\/?post_type=associadas&#038;p=3675"},"modified":"2026-01-08T11:46:39","modified_gmt":"2026-01-08T14:46:39","slug":"aiesse-ambiental-infraestrutura-edificacoes-e-servicos-sustentaveis-eireli","status":"publish","type":"associadas","link":"https:\/\/abemi.org.br\/en\/associadas\/aiesse-ambiental-infraestrutura-edificacoes-e-servicos-sustentaveis-eireli\/","title":{"rendered":"AIESSE &#8211; AMBIENTAL INFRAESTRUTURA, EDIFICA\u00c7\u00d5ES E SERVI\u00c7OS SUSTENT\u00c1VEIS EIRELI"},"featured_media":11038,"template":"","meta":{"site-sidebar-layout":"default","site-content-layout":"default","ast-site-content-layout":"default","site-content-style":"default","site-sidebar-style":"default","ast-global-header-display":"","ast-banner-title-visibility":"","ast-main-header-display":"","ast-hfb-above-header-display":"","ast-hfb-below-header-display":"","ast-hfb-mobile-header-display":"","site-post-title":"","ast-breadcrumbs-content":"","ast-featured-img":"","footer-sml-layout":"","theme-transparent-header-meta":"default","adv-header-id-meta":"","stick-header-meta":"","header-above-stick-meta":"","header-main-stick-meta":"","header-below-stick-meta":"","astra-migrate-meta-layouts":"set","ast-page-background-enabled":"default","ast-page-background-meta":{"desktop":{"background-color":"","background-image":"","background-repeat":"repeat","background-position":"center center","background-size":"auto","background-attachment":"scroll","background-type":"","background-media":"","overlay-type":"","overlay-color":"","overlay-opacity":"","overlay-gradient":""},"tablet":{"background-color":"","background-image":"","background-repeat":"repeat","background-position":"center center","background-size":"auto","background-attachment":"scroll","background-type":"","background-media":"","overlay-type":"","overlay-color":"","overlay-opacity":"","overlay-gradient":""},"mobile":{"background-color":"","background-image":"","background-repeat":"repeat","background-position":"center center","background-size":"auto","background-attachment":"scroll","background-type":"","background-media":"","overlay-type":"","overlay-color":"","overlay-opacity":"","overlay-gradient":""}},"ast-content-background-meta":{"desktop":{"background-color":"var(--ast-global-color-5)","background-image":"","background-repeat":"repeat","background-position":"center center","background-size":"auto","background-attachment":"scroll","background-type":"","background-media":"","overlay-type":"","overlay-color":"","overlay-opacity":"","overlay-gradient":""},"tablet":{"background-color":"var(--ast-global-color-5)","background-image":"","background-repeat":"repeat","background-position":"center center","background-size":"auto","background-attachment":"scroll","background-type":"","background-media":"","overlay-type":"","overlay-color":"","overlay-opacity":"","overlay-gradient":""},"mobile":{"background-color":"var(--ast-global-color-5)","background-image":"","background-repeat":"repeat","background-position":"center center","background-size":"auto","background-attachment":"scroll","background-type":"","background-media":"","overlay-type":"","overlay-color":"","overlay-opacity":"","overlay-gradient":""}},"slim_seo":{"title":"AIESSE - AMBIENTAL INFRAESTRUTURA, EDIFICA\u00c7\u00d5ES E SERVI\u00c7OS SUSTENT\u00c1VEIS EIRELI - ABEMI","description":""}},"categoria-de-associadas":[],"class_list":["post-3675","associadas","type-associadas","status-publish","has-post-thumbnail","hentry"],"_links":{"self":[{"href":"https:\/\/abemi.org.br\/en\/wp-json\/wp\/v2\/associadas\/3675","targetHints":{"allow":["GET"]}}],"collection":[{"href":"https:\/\/abemi.org.br\/en\/wp-json\/wp\/v2\/associadas"}],"about":[{"href":"https:\/\/abemi.org.br\/en\/wp-json\/wp\/v2\/types\/associadas"}],"wp:featuredmedia":[{"embeddable":true,"href":"https:\/\/abemi.org.br\/en\/wp-json\/wp\/v2\/media\/11038"}],"wp:attachment":[{"href":"https:\/\/abemi.org.br\/en\/wp-json\/wp\/v2\/media?parent=3675"}],"wp:term":[{"taxonomy":"categoria-de-associadas","embeddable":true,"href":"https:\/\/abemi.org.br\/en\/wp-json\/wp\/v2\/categoria-de-associadas?post=3675"}],"curies":[{"name":"wp","href":"https:\/\/api.w.org\/{rel}","templated":true}]}}

AIESSE &#8211; AMBIENTAL INFRAESTRUTURA, EDIFICAÇÕES E SERVIÇOS SUSTENTÁVEIS EIRELI

AIESSE - AMBIENTAL INFRAESTRUTURA, EDIFICAÇÕES E SERVIÇOS SUSTENTÁVEIS EIRELI - ABEMI
