{"id":10000,"date":"2023-04-04T12:12:57","date_gmt":"2023-04-04T15:12:57","guid":{"rendered":"https:\/\/abemi.org.br\/?post_type=eventos&#038;p=10000"},"modified":"2023-04-04T12:38:26","modified_gmt":"2023-04-04T15:38:26","slug":"hidrogenio-como-fonte-de-energia-do-futuro","status":"publish","type":"eventos","link":"https:\/\/abemi.org.br\/en\/eventos\/hidrogenio-como-fonte-de-energia-do-futuro\/","title":{"rendered":"Hidrog\u00eanio como fonte de energia do futuro"},"content":{"rendered":"<p>Comit\u00ea de energia convida Eduardo Depiatti, Business Unit Manager &#8211; MT T\u00dcV NORD para webinar sobre Hidrog\u00eanio como fonte de energia do <strong>futuro<\/strong>.<\/p>\n<p><em>Evento online ou presencial.<\/em><\/p>\n<p><strong>Endere\u00e7o:<\/strong> R. Tabapu\u00e3 81 \u2013 9\u00ba andar cjs. 91 e 92 \u2013 Itaim \u2013 SP &#8211; CEP: 04533-901<\/p>","protected":false},"featured_media":10002,"template":"","meta":{"site-sidebar-layout":"default","site-content-layout":"","ast-site-content-layout":"default","site-content-style":"default","site-sidebar-style":"default","ast-global-header-display":"","ast-banner-title-visibility":"","ast-main-header-display":"","ast-hfb-above-header-display":"","ast-hfb-below-header-display":"","ast-hfb-mobile-header-display":"","site-post-title":"","ast-breadcrumbs-content":"","ast-featured-img":"","footer-sml-layout":"","theme-transparent-header-meta":"","adv-header-id-meta":"","stick-header-meta":"","header-above-stick-meta":"","header-main-stick-meta":"","header-below-stick-meta":"","astra-migrate-meta-layouts":"default","ast-page-background-enabled":"default","ast-page-background-meta":{"desktop":{"background-color":"","background-image":"","background-repeat":"repeat","background-position":"center center","background-size":"auto","background-attachment":"scroll","background-type":"","background-media":"","overlay-type":"","overlay-color":"","overlay-opacity":"","overlay-gradient":""},"tablet":{"background-color":"","background-image":"","background-repeat":"repeat","background-position":"center center","background-size":"auto","background-attachment":"scroll","background-type":"","background-media":"","overlay-type":"","overlay-color":"","overlay-opacity":"","overlay-gradient":""},"mobile":{"background-color":"","background-image":"","background-repeat":"repeat","background-position":"center center","background-size":"auto","background-attachment":"scroll","background-type":"","background-media":"","overlay-type":"","overlay-color":"","overlay-opacity":"","overlay-gradient":""}},"ast-content-background-meta":{"desktop":{"background-color":"var(--ast-global-color-5)","background-image":"","background-repeat":"repeat","background-position":"center center","background-size":"auto","background-attachment":"scroll","background-type":"","background-media":"","overlay-type":"","overlay-color":"","overlay-opacity":"","overlay-gradient":""},"tablet":{"background-color":"var(--ast-global-color-5)","background-image":"","background-repeat":"repeat","background-position":"center center","background-size":"auto","background-attachment":"scroll","background-type":"","background-media":"","overlay-type":"","overlay-color":"","overlay-opacity":"","overlay-gradient":""},"mobile":{"background-color":"var(--ast-global-color-5)","background-image":"","background-repeat":"repeat","background-position":"center center","background-size":"auto","background-attachment":"scroll","background-type":"","background-media":"","overlay-type":"","overlay-color":"","overlay-opacity":"","overlay-gradient":""}},"slim_seo":{"title":"Hidrog\u00eanio como fonte de energia do futuro - ABEMI","description":"Comit\u00ea de energia convida Eduardo Depiatti, Business Unit Manager - MT T\u00dcV NORD para webinar sobre Hidrog\u00eanio como fonte de energia do futuro . Evento online ou"}},"class_list":["post-10000","eventos","type-eventos","status-publish","has-post-thumbnail","hentry"],"_links":{"self":[{"href":"https:\/\/abemi.org.br\/en\/wp-json\/wp\/v2\/eventos\/10000","targetHints":{"allow":["GET"]}}],"collection":[{"href":"https:\/\/abemi.org.br\/en\/wp-json\/wp\/v2\/eventos"}],"about":[{"href":"https:\/\/abemi.org.br\/en\/wp-json\/wp\/v2\/types\/eventos"}],"version-history":[{"count":0,"href":"https:\/\/abemi.org.br\/en\/wp-json\/wp\/v2\/eventos\/10000\/revisions"}],"wp:featuredmedia":[{"embeddable":true,"href":"https:\/\/abemi.org.br\/en\/wp-json\/wp\/v2\/media\/10002"}],"wp:attachment":[{"href":"https:\/\/abemi.org.br\/en\/wp-json\/wp\/v2\/media?parent=10000"}],"curies":[{"name":"wp","href":"https:\/\/api.w.org\/{rel}","templated":true}]}}

Hidrogênio como fonte de energia do futuro

<p>Comitê de energia convida Eduardo Depiatti, Business Unit Manager &#8211; MT TÜV NORD para webinar sobre Hidrogênio como fonte de energia do <strong>futuro</strong>.</p>
<p><em>Evento online ou presencial.</em></p>
<p><strong>Endereço:</strong> R. Tabapuã 81 – 9º andar cjs. 91 e 92 – Itaim – SP &#8211; CEP: 04533-901</p>

Hidrogênio como fonte de energia do futuro - ABEMI

Comitê de energia convida Eduardo Depiatti, Business Unit Manager - MT TÜV NORD para webinar sobre Hidrogênio como fonte de energia do futuro . Evento online ou
