{"id":12616,"date":"2024-06-06T17:04:27","date_gmt":"2024-06-06T20:04:27","guid":{"rendered":"https:\/\/abemi.org.br\/?post_type=eventos&#038;p=12616"},"modified":"2024-06-14T17:47:29","modified_gmt":"2024-06-14T20:47:29","slug":"cafe-da-manha-esg-governanca-e-sustentabilidade-na-cadeia-de-fornecedores","status":"publish","type":"eventos","link":"https:\/\/abemi.org.br\/en\/eventos\/cafe-da-manha-esg-governanca-e-sustentabilidade-na-cadeia-de-fornecedores\/","title":{"rendered":"Caf\u00e9 da manha ESG: Governan\u00e7a e sustentabilidade na cadeia de fornecedores"},"content":{"rendered":"<p><img fetchpriority=\"high\" decoding=\"async\" class=\"wp-image-12620 size-medium alignleft\" src=\"https:\/\/abemi.org.br\/wp-content\/uploads\/2024\/06\/Cafe-da-manha-ESG-governanca-e-sustentabilidade-na-cadeia-de-fornecedores-02-1-300x300.jpg\" alt=\"Cafe Da Manha Esg Governanca E Sustentabilidade Na Cadeia De Fornecedores 02\" width=\"300\" height=\"300\" srcset=\"https:\/\/abemi.org.br\/wp-content\/uploads\/2024\/06\/Cafe-da-manha-ESG-governanca-e-sustentabilidade-na-cadeia-de-fornecedores-02-1-300x300.jpg 300w, https:\/\/abemi.org.br\/wp-content\/uploads\/2024\/06\/Cafe-da-manha-ESG-governanca-e-sustentabilidade-na-cadeia-de-fornecedores-02-1-1024x1024.jpg 1024w, https:\/\/abemi.org.br\/wp-content\/uploads\/2024\/06\/Cafe-da-manha-ESG-governanca-e-sustentabilidade-na-cadeia-de-fornecedores-02-1-150x150.jpg 150w, https:\/\/abemi.org.br\/wp-content\/uploads\/2024\/06\/Cafe-da-manha-ESG-governanca-e-sustentabilidade-na-cadeia-de-fornecedores-02-1-768x768.jpg 768w, https:\/\/abemi.org.br\/wp-content\/uploads\/2024\/06\/Cafe-da-manha-ESG-governanca-e-sustentabilidade-na-cadeia-de-fornecedores-02-1-12x12.jpg 12w, https:\/\/abemi.org.br\/wp-content\/uploads\/2024\/06\/Cafe-da-manha-ESG-governanca-e-sustentabilidade-na-cadeia-de-fornecedores-02-1.jpg 1080w\" sizes=\"(max-width: 300px) 100vw, 300px\" \/><\/p>\n<p>Evento h\u00edbrido com Anna Paula de Abreu (Compliance &amp; Litigation Manager na New Fortress Energy), Clarissa Brand\u00e3o (Advogada, Consultora, Mestre e Doutora em Direito Internacional) e Marilda Rosado (Professora dna Faculdade de Direito da UERJ e S\u00f3cia do Renn\u00f3, Penteado Sampaio Advogados).<\/p>\n<p>Com modera\u00e7\u00e3o de Fl\u00e1via Galv\u00e3o e Patr\u00edcia Fiad (Coordenadoras do Comit\u00ea\u00a0de\u00a0ESG\u00a0ABEMI).<\/p>\n<p><strong>Endere\u00e7o:<\/strong> EGTC Rio &#8211; Av. Presidente Wilson, 231<\/p>\n<p>Audit\u00f3rio, Centro &#8211; RJ<\/p>","protected":false},"featured_media":12621,"template":"","meta":{"site-sidebar-layout":"default","site-content-layout":"","ast-site-content-layout":"default","site-content-style":"default","site-sidebar-style":"default","ast-global-header-display":"","ast-banner-title-visibility":"","ast-main-header-display":"","ast-hfb-above-header-display":"","ast-hfb-below-header-display":"","ast-hfb-mobile-header-display":"","site-post-title":"","ast-breadcrumbs-content":"","ast-featured-img":"","footer-sml-layout":"","theme-transparent-header-meta":"","adv-header-id-meta":"","stick-header-meta":"","header-above-stick-meta":"","header-main-stick-meta":"","header-below-stick-meta":"","astra-migrate-meta-layouts":"default","ast-page-background-enabled":"default","ast-page-background-meta":{"desktop":{"background-color":"","background-image":"","background-repeat":"repeat","background-position":"center center","background-size":"auto","background-attachment":"scroll","background-type":"","background-media":"","overlay-type":"","overlay-color":"","overlay-opacity":"","overlay-gradient":""},"tablet":{"background-color":"","background-image":"","background-repeat":"repeat","background-position":"center center","background-size":"auto","background-attachment":"scroll","background-type":"","background-media":"","overlay-type":"","overlay-color":"","overlay-opacity":"","overlay-gradient":""},"mobile":{"background-color":"","background-image":"","background-repeat":"repeat","background-position":"center center","background-size":"auto","background-attachment":"scroll","background-type":"","background-media":"","overlay-type":"","overlay-color":"","overlay-opacity":"","overlay-gradient":""}},"ast-content-background-meta":{"desktop":{"background-color":"var(--ast-global-color-5)","background-image":"","background-repeat":"repeat","background-position":"center center","background-size":"auto","background-attachment":"scroll","background-type":"","background-media":"","overlay-type":"","overlay-color":"","overlay-opacity":"","overlay-gradient":""},"tablet":{"background-color":"var(--ast-global-color-5)","background-image":"","background-repeat":"repeat","background-position":"center center","background-size":"auto","background-attachment":"scroll","background-type":"","background-media":"","overlay-type":"","overlay-color":"","overlay-opacity":"","overlay-gradient":""},"mobile":{"background-color":"var(--ast-global-color-5)","background-image":"","background-repeat":"repeat","background-position":"center center","background-size":"auto","background-attachment":"scroll","background-type":"","background-media":"","overlay-type":"","overlay-color":"","overlay-opacity":"","overlay-gradient":""}},"slim_seo":{"title":"Caf\u00e9 da manha ESG: Governan\u00e7a e sustentabilidade na cadeia de fornecedores - ABEMI","description":"Evento h\u00edbrido com Anna Paula de Abreu (Compliance &amp; Litigation Manager na New Fortress Energy), Clarissa Brand\u00e3o (Advogada, Consultora, Mestre e Doutora em"}},"class_list":["post-12616","eventos","type-eventos","status-publish","has-post-thumbnail","hentry"],"_links":{"self":[{"href":"https:\/\/abemi.org.br\/en\/wp-json\/wp\/v2\/eventos\/12616","targetHints":{"allow":["GET"]}}],"collection":[{"href":"https:\/\/abemi.org.br\/en\/wp-json\/wp\/v2\/eventos"}],"about":[{"href":"https:\/\/abemi.org.br\/en\/wp-json\/wp\/v2\/types\/eventos"}],"version-history":[{"count":0,"href":"https:\/\/abemi.org.br\/en\/wp-json\/wp\/v2\/eventos\/12616\/revisions"}],"wp:featuredmedia":[{"embeddable":true,"href":"https:\/\/abemi.org.br\/en\/wp-json\/wp\/v2\/media\/12621"}],"wp:attachment":[{"href":"https:\/\/abemi.org.br\/en\/wp-json\/wp\/v2\/media?parent=12616"}],"curies":[{"name":"wp","href":"https:\/\/api.w.org\/{rel}","templated":true}]}}

Café da manha ESG: Governança e sustentabilidade na cadeia de fornecedores

<p><img fetchpriority="high" decoding="async" class="wp-image-12620 size-medium alignleft" src="https://abemi.org.br/wp-content/uploads/2024/06/Cafe-da-manha-ESG-governanca-e-sustentabilidade-na-cadeia-de-fornecedores-02-1-300x300.jpg" alt="Cafe Da Manha Esg Governanca E Sustentabilidade Na Cadeia De Fornecedores 02" width="300" height="300" srcset="https://abemi.org.br/wp-content/uploads/2024/06/Cafe-da-manha-ESG-governanca-e-sustentabilidade-na-cadeia-de-fornecedores-02-1-300x300.jpg 300w, https://abemi.org.br/wp-content/uploads/2024/06/Cafe-da-manha-ESG-governanca-e-sustentabilidade-na-cadeia-de-fornecedores-02-1-1024x1024.jpg 1024w, https://abemi.org.br/wp-content/uploads/2024/06/Cafe-da-manha-ESG-governanca-e-sustentabilidade-na-cadeia-de-fornecedores-02-1-150x150.jpg 150w, https://abemi.org.br/wp-content/uploads/2024/06/Cafe-da-manha-ESG-governanca-e-sustentabilidade-na-cadeia-de-fornecedores-02-1-768x768.jpg 768w, https://abemi.org.br/wp-content/uploads/2024/06/Cafe-da-manha-ESG-governanca-e-sustentabilidade-na-cadeia-de-fornecedores-02-1-12x12.jpg 12w, https://abemi.org.br/wp-content/uploads/2024/06/Cafe-da-manha-ESG-governanca-e-sustentabilidade-na-cadeia-de-fornecedores-02-1.jpg 1080w" sizes="(max-width: 300px) 100vw, 300px" /></p>
<p>Evento híbrido com Anna Paula de Abreu (Compliance &amp; Litigation Manager na New Fortress Energy), Clarissa Brandão (Advogada, Consultora, Mestre e Doutora em Direito Internacional) e Marilda Rosado (Professora dna Faculdade de Direito da UERJ e Sócia do Rennó, Penteado Sampaio Advogados).</p>
<p>Com moderação de Flávia Galvão e Patrícia Fiad (Coordenadoras do Comitê de ESG ABEMI).</p>
<p><strong>Endereço:</strong> EGTC Rio &#8211; Av. Presidente Wilson, 231</p>
<p>Auditório, Centro &#8211; RJ</p>

Café da manha ESG: Governança e sustentabilidade na cadeia de fornecedores - ABEMI

Evento híbrido com Anna Paula de Abreu (Compliance &amp; Litigation Manager na New Fortress Energy), Clarissa Brandão (Advogada, Consultora, Mestre e Doutora em
