{"id":14082,"date":"2026-04-23T11:51:13","date_gmt":"2026-04-23T14:51:13","guid":{"rendered":"https:\/\/abemi.org.br\/?post_type=eventos&#038;p=14082"},"modified":"2026-04-23T11:51:13","modified_gmt":"2026-04-23T14:51:13","slug":"lean-na-pratica","status":"publish","type":"eventos","link":"https:\/\/abemi.org.br\/en\/eventos\/lean-na-pratica\/","title":{"rendered":"Lean na pr\u00e1tica"},"content":{"rendered":"<p data-start=\"0\" data-end=\"239\">O evento \u201cLean na Pr\u00e1tica\u201d, promovido pelo Comit\u00ea de Produtividade e SMS, ser\u00e1 realizado de forma online no dia 23 de junho, das 9h \u00e0s 10h30. A apresenta\u00e7\u00e3o ser\u00e1 conduzida por Fl\u00e1vio Augusto Picchi, Senior Advisor do Lean Institute Brasil.<\/p>\n<p data-start=\"241\" data-end=\"550\" data-is-last-node=\"\" data-is-only-node=\"\">A proposta \u00e9 mostrar como a aplica\u00e7\u00e3o do Lean pode ir al\u00e9m de iniciativas pontuais, contribuindo para ganhos consistentes de prazo e produtividade ao longo do tempo. O encontro deve abordar como estruturar uma gest\u00e3o mais integrada e cont\u00ednua, capaz de gerar resultados sustent\u00e1veis na engenharia e nas obras.<\/p>","protected":false},"featured_media":14083,"template":"","meta":{"site-sidebar-layout":"default","site-content-layout":"","ast-site-content-layout":"default","site-content-style":"default","site-sidebar-style":"default","ast-global-header-display":"","ast-banner-title-visibility":"","ast-main-header-display":"","ast-hfb-above-header-display":"","ast-hfb-below-header-display":"","ast-hfb-mobile-header-display":"","site-post-title":"","ast-breadcrumbs-content":"","ast-featured-img":"","footer-sml-layout":"","theme-transparent-header-meta":"default","adv-header-id-meta":"","stick-header-meta":"","header-above-stick-meta":"","header-main-stick-meta":"","header-below-stick-meta":"","astra-migrate-meta-layouts":"set","ast-page-background-enabled":"default","ast-page-background-meta":{"desktop":{"background-color":"","background-image":"","background-repeat":"repeat","background-position":"center center","background-size":"auto","background-attachment":"scroll","background-type":"","background-media":"","overlay-type":"","overlay-color":"","overlay-opacity":"","overlay-gradient":""},"tablet":{"background-color":"","background-image":"","background-repeat":"repeat","background-position":"center center","background-size":"auto","background-attachment":"scroll","background-type":"","background-media":"","overlay-type":"","overlay-color":"","overlay-opacity":"","overlay-gradient":""},"mobile":{"background-color":"","background-image":"","background-repeat":"repeat","background-position":"center center","background-size":"auto","background-attachment":"scroll","background-type":"","background-media":"","overlay-type":"","overlay-color":"","overlay-opacity":"","overlay-gradient":""}},"ast-content-background-meta":{"desktop":{"background-color":"var(--ast-global-color-5)","background-image":"","background-repeat":"repeat","background-position":"center center","background-size":"auto","background-attachment":"scroll","background-type":"","background-media":"","overlay-type":"","overlay-color":"","overlay-opacity":"","overlay-gradient":""},"tablet":{"background-color":"var(--ast-global-color-5)","background-image":"","background-repeat":"repeat","background-position":"center center","background-size":"auto","background-attachment":"scroll","background-type":"","background-media":"","overlay-type":"","overlay-color":"","overlay-opacity":"","overlay-gradient":""},"mobile":{"background-color":"var(--ast-global-color-5)","background-image":"","background-repeat":"repeat","background-position":"center center","background-size":"auto","background-attachment":"scroll","background-type":"","background-media":"","overlay-type":"","overlay-color":"","overlay-opacity":"","overlay-gradient":""}},"slim_seo":{"title":"Lean na pr\u00e1tica - ABEMI","description":"O evento \u201cLean na Pr\u00e1tica\u201d, promovido pelo Comit\u00ea de Produtividade e SMS, ser\u00e1 realizado de forma online no dia 23 de junho, das 9h \u00e0s 10h30. A apresenta\u00e7\u00e3o ser"}},"class_list":["post-14082","eventos","type-eventos","status-publish","has-post-thumbnail","hentry"],"_links":{"self":[{"href":"https:\/\/abemi.org.br\/en\/wp-json\/wp\/v2\/eventos\/14082","targetHints":{"allow":["GET"]}}],"collection":[{"href":"https:\/\/abemi.org.br\/en\/wp-json\/wp\/v2\/eventos"}],"about":[{"href":"https:\/\/abemi.org.br\/en\/wp-json\/wp\/v2\/types\/eventos"}],"version-history":[{"count":1,"href":"https:\/\/abemi.org.br\/en\/wp-json\/wp\/v2\/eventos\/14082\/revisions"}],"predecessor-version":[{"id":14084,"href":"https:\/\/abemi.org.br\/en\/wp-json\/wp\/v2\/eventos\/14082\/revisions\/14084"}],"wp:featuredmedia":[{"embeddable":true,"href":"https:\/\/abemi.org.br\/en\/wp-json\/wp\/v2\/media\/14083"}],"wp:attachment":[{"href":"https:\/\/abemi.org.br\/en\/wp-json\/wp\/v2\/media?parent=14082"}],"curies":[{"name":"wp","href":"https:\/\/api.w.org\/{rel}","templated":true}]}}

Lean na prática

<p data-start="0" data-end="239">O evento “Lean na Prática”, promovido pelo Comitê de Produtividade e SMS, será realizado de forma online no dia 23 de junho, das 9h às 10h30. A apresentação será conduzida por Flávio Augusto Picchi, Senior Advisor do Lean Institute Brasil.</p>
<p data-start="241" data-end="550" data-is-last-node="" data-is-only-node="">A proposta é mostrar como a aplicação do Lean pode ir além de iniciativas pontuais, contribuindo para ganhos consistentes de prazo e produtividade ao longo do tempo. O encontro deve abordar como estruturar uma gestão mais integrada e contínua, capaz de gerar resultados sustentáveis na engenharia e nas obras.</p>

Lean na prática - ABEMI

O evento “Lean na Prática”, promovido pelo Comitê de Produtividade e SMS, será realizado de forma online no dia 23 de junho, das 9h às 10h30. A apresentação ser
